 -2*f + 6*f + t*m. What are the prime factors of f?
3, 73
Suppose 3*t - 2*z = t + 90, -10 = 5*z. Let g = t + 920. What are the prime factors of g?
3, 107
What are the prime factors of (((-148)/(-3))/(4/(-1076)))/((-214)/321)?
2, 37, 269
Let s = -155 - -179. Let n = 42 + s. List the prime factors of n.
2, 3, 11
Suppose 0 = 27*v + 4717 + 2789. Let q = -38 - v. List the prime factors of q.
2, 3, 5
Let u(m) = -7*m - 1. Let p be u(8). Let x = p - -121. Suppose 2*b - x = 6. List the prime factors of b.
5, 7
Let o = -165 - 72. Let r = 122 + o. Let n = -97 - r. List the prime factors of n.
2, 3
Let l(x) = x**2 - 9*x - 10. Let u be l(10). Let g be (-1 + u/2)/(1/183). Let t = 318 + g. List the prime factors of t.
3, 5
Let d be -4*1/8*(-7 + 1). Suppose -d*c - 1 + 16 = 2*w, -w - 5*c = 3. Suppose 11*r - w*r + 45 = 0. List the prime factors of r.
3, 5
Let s = 16 + -17. Let p be (-15)/10*(s + -1). Suppose -2*t + 1 = -5*l - 39, l = p*t - 86. List the prime factors of t.
2, 3, 5
Suppose -5*g = -14*w + 11*w + 57152, 2*w + 2*g - 38128 = 0. List the prime factors of w.
3, 6353
Let l = 312 - 317. What are the prime factors of 2*l/30 - 1082/(-6)?
2, 3, 5
Let g(a) = -5*a**3 + 65*a**2 + 20*a - 8. What are the prime factors of g(-9)?
2, 7, 89
Suppose 5*w + s = -4*s + 4795, 4*s = -w + 959. Suppose -2*m = 2*m - 5*p - 316, m + p - 88 = 0. Suppose -w + m = -5*l. What are the prime factors of l?
5, 7
Suppose 2*m + 0 = -2*i + 4, 0 = 3*i. Suppose -5*b - 924 = -n, 0 = -m*n + 5*b + 437 + 1406. List the prime factors of n.
919
Let h(f) = -8*f + 140. Let y be h(15). Let r(a) = 20*a + 144. List the prime factors of r(y).
2, 17
Suppose 6*a + 6 = 12*a. List the prime factors of 370 + a/((-1)/((-12)/(-4))).
367
Let n(t) = -t**2 - 5. Let i be n(0). Let j be 1491/(-35) + -6 - (-2)/i. List the prime factors of 5 - (-1)/((-1)/j).
2, 3
Let z(g) = -2*g**2 - 12*g + 11. Let o be z(-6). Suppose -o*l + 2597 = 430. What are the prime factors of l?
197
Suppose 0 = -3*r + 6 + 18. Let d = r + 262. List the prime factors of d.
2, 3, 5
Suppose -2*l + 4 = -2*v - 2, -3*v = -12. What are the prime factors of 933 + -5 + 12 + l?
947
Let j(v) = 2*v**3 + 6*v**2 - v - 6 - 7*v**3 + 30*v**3. List the prime factors of j(3).
2, 3, 5
Suppose -3*v = h - 60727, v + 6800 = 4*h + 27038. List the prime factors of v.
2, 29, 349
Let x(n) = 23*n + 9 - 41*n + 73*n**2 + 11*n. List the prime factors of x(3).
3, 5, 43
Let v be (5/(-2) - -2)/(16/(-32)). List the prime factors of (v + (-4)/6)*879.
293
Let h(n) = -n**2 - 8*n - 2. Let b be h(-7). Suppose 0 = 5*v - 4*a - 137 - 338, -b*a = 4*v - 421. Suppose 0 = -6*k + v + 33. What are the prime factors of k?
2, 11
Suppose -187*l + 10 = -182*l. Suppose a = m - 2*a - 844, 1684 = 2*m - l*a. List the prime factors of m.
29
Suppose -25*x + 29*x = -5*u + 51285, -38478 = -3*x + u. List the prime factors of x.
3, 5, 19
Suppose 0 = -5*f + 2*f + 21. Suppose 5*m + 210 = -0*g + 3*g, g - m - 72 = 0. Suppose -g = -f*w + 590. List the prime factors of w.
5, 19
Suppose -3*h + 3*k = -6*h + 108, -h + 31 = 2*k. Suppose -44*s = -h*s - 543. Let f = s + 1. List the prime factors of f.
2, 7, 13
Suppose -85*k + 23644336 - 4355296 = 273*k. List the prime factors of k.
2, 3, 5, 449
Suppose -172 = 2*k + 3*f, 0 = -4*k + 8*k + 2*f + 352. Let v = 80 + k. List the prime factors of ((-1)/(-4))/(v/(-1548)).
43
Suppose 22*s - 15*s = 168. List the prime factors of ((-664)/18*-3)/(4/s).
2, 83
Suppose 8412 + 3360 = 12*g. What are the prime factors of (16/(-24))/((-2)/g)?
3, 109
What are the prime factors of ((22 + -20)*12/8)/(3/20860)?
2, 5, 7, 149
Let i(q) = -2*q**2 + 27*q - 33. Let t be i(13). What are the prime factors of ((-52)/t)/(2/10)?
13
Let z be 264 - (-11)/(44/(-32)). Let u = z + 1281. What are the prime factors of u?
29, 53
Let m be (1/2)/((-1)/8). Let s be m/(-12)*(-6)/(-4)*6. Suppose -4*u + 36 = -4*b, 2*b = u - s*b + 11. List the prime factors of u.
2, 7
Let i = -29 + 46. Let m be (i - 1)*(-18)/(-24). List the prime factors of 3 - (-1)/(m/56)*21.
101
Suppose 781 = -3*f - 86. Let t = f - -693. What are the prime factors of t?
2, 101
Suppose 2*v - 4 = -2*z, 7*z - 12*z + 2*v = -10. Suppose -o - z*w + 137 = 0, -2*o - 33*w + 274 = -31*w. What are the prime factors of o?
137
Let x(j) = 17*j**2 - 35*j + 183. Let t = -395 + 400. List the prime factors of x(t).
433
Let b(h) = h**2 - 8*h + 12. Let d be b(6). Suppose -3*x - x + 1555 = y, -5*x - 25 = d. Suppose 14*w - y = 7*w. List the prime factors of w.
3, 5
Suppose 0 = 54*c + 1064532 - 2901666. What are the prime factors of c?
13, 2617
Suppose -9*p - 7*p + 12*p + 96740 = 0. What are the prime factors of p?
5, 7, 691
Let q(d) = 0*d + 5*d - 5 + 8 + 1. Let t be q(2). What are the prime factors of (13 - t)/(2/(-430))?
5, 43
Suppose -4*n - 7078 = m - 4*m, 0 = -4*m + 3*n + 9435. What are the prime factors of m?
2, 3, 131
Let y(n) = n**3 - 3*n**2 + 38*n - 32. Let x be y(8). Let i = x - 106. What are the prime factors of i?
2, 3
Let d be 4 - ((-189)/15 - 6/(-10)). Suppose -3*y = c - d, 4*c - 3*c = -4*y + 16. Let g(f) = f**2 - 16*f + 22. List the prime factors of g(c).
2, 11
Suppose -13*v - 8329 + 4966 = -67427. List the prime factors of v.
2, 7, 11
Suppose -257*o + 8 = -256*o, -4*o - 40803 = -5*f. List the prime factors of f.
8167
Let b(k) = 3*k**2 - 85*k + 1082. List the prime factors of b(-59).
2, 5, 827
Let l = -4019 - -7311. List the prime factors of l.
2, 823
Let y = -10826 - -15751. What are the prime factors of y?
5, 197
Suppose 3*d = 3*s - 37017, -129*d + 124*d = -4*s + 49359. List the prime factors of s.
2, 3, 257
Suppose 0*h = 3*h - m - 3, 4*m = 3*h + 6. Suppose u = -h*u + 246. Let r = u + -36. List the prime factors of r.
2, 23
Suppose 0 = 7*u - 42 + 14. Suppose 3*q + 5*c - 192 = 0, 4*c + 192 = -q + u*q. Let r = q + -10. What are the prime factors of r?
2, 3
Suppose 18*d - 66 = -4*d. What are the prime factors of 0 + d*((-1329)/(-9) - -3)?
2, 113
Suppose 5*j - 41 = -4*x, 2*x = 2*j - 3*x + 10. Let o = 1106 - 1106. Suppose 5*r - 500 = -j*b, -r + 2*b + 65 + 23 = o. List the prime factors of r.
2, 3
Suppose 11*z = 23918 - 3007. List the prime factors of z.
1901
Let n = 69 - 68. Let l be 998/n + 1 + 12 + -9. List the prime factors of l/8 - (-3)/(-12).
5
Suppose 573*z = 619*z - 605590. What are the prime factors of z?
5, 2633
Let j = 19285 + -6126. What are the prime factors of j?
13159
Let h = 3024 + -1852. What are the prime factors of h?
2, 293
Let h(i) = i**2 - 14*i + 32. Let x be h(11). Let k be x/(((-20)/(-5))/108). List the prime factors of 3*1 - k/1.
2, 3, 5
Let i = 10176 + -4505. What are the prime factors of i?
53, 107
Let z(d) = 2*d - 18. Let b be z(10). Suppose -2*n + 24 = 6*w - 2*w, -5*w + 29 = b*n. Suppose -n*t = -260 + 18. What are the prime factors of t?
11
Suppose 4*o = 3*j + 225, j - 3*o + 54 = -21. Let n(r) = -r - 3. Let b be n(-3). Let y = b - j. What are the prime factors of y?
3, 5
Let q(j) = -7*j**2 + 4*j**3 + 15*j - j**3 - 8*j - 9. Let x be q(4). Let h = x + -16. What are the prime factors of h?
83
List the prime factors of (-1)/(-3) - -1724*5/60.
2, 3
Suppose -50*r + 58*r - 333520 = -80*r. What are the prime factors of r?
2, 5, 379
Suppose -54510 - 12114 = -32*o. What are the prime factors of o?
2, 3, 347
Let m = 31 + -15. Let w = m - -185. List the prime factors of w.
3, 67
Suppose 104015 = -19*v + 566893. List the prime factors of v.
2, 13, 937
List the prime factors of (-44702)/(-10) + (-31)/155.
2, 3, 5, 149
Let u = 168 + -334. Let o = 57 + u. What are the prime factors of o*1/2*16/(-8)?
109
Let o(k) be the third derivative of 31*k**6/24 - k**5/20 + k**4/24 - k**3 + 106*k**2. What are the prime factors of o(2)?
2, 3, 17
Let u = -241 - -251. Suppose 1074 = -u*j + 9784. List the prime factors of j.
13, 67
List the prime factors of 306/6885 - 6586914/(-135).
2, 3, 19, 107
Let y(o) = 4*o**2 + 17*o - 12. Let b be y(-5). Suppose 3*l + 5*i - 1331 = 0, b*i - i = -10. List the prime factors of l.
2, 113
Let g be 2 + (-2 - -3) + 1. Let d = -15 + 19. Suppose -z - 75 = -h, h + d*z = g*h - 221. What are the prime factors of h?
79
Suppose -34953 - 322 = -17*d. List the prime factors of d.
5, 83
Let k(m) = 12*m - 90 - 2*m**2 + 6*m + 8*m + 3*m**2. List the prime factors of k(-33).
3, 47
Let u be -1 + (-9)/(-3) + 4 + 23091. Suppose -22*s = -u + 7